d and p?
1
Suppose -6*n + 120 = -n. Suppose 2*r - n = 56. Let i(y) = 15*y**2 - 172*y - 171. Let s be i(-1). Calculate the greatest common divisor of s and r.
8
Suppose 4*i - 252 = -3*i. Calculate the highest common divisor of 288 and i.
36
Let u be (-3 - (0 - 58)) + 4. Calculate the greatest common factor of 1534 and u.
59
Let b = -193 - -90. Let u = -61 - b. What is the highest common divisor of u and 105?
21
Let f(k) = -k**3 + 29*k**2 + 13*k + 47. Let p be f(29). Calculate the highest common factor of 53 and p.
53
Let i(p) = -3*p**3 - 6*p**2 + 14*p - 6. Let d be i(-6). What is the highest common divisor of d and 95?
19
Suppose 68 = 6*q + 11*q. Suppose -5*n + 294 = -136. Suppose -n = -2*m - 22. What is the greatest common divisor of m and q?
4
Let d(k) = 6*k + 298. Let l be d(7). Calculate the highest common divisor of l and 20.
20
Let z be (-384)/(-160) + 2/(-5). What is the greatest common divisor of 49 and z?
1
Let y(l) = -2*l**3 - l**2 - 4*l - 35. Let i be y(-4). Calculate the highest common divisor of 4929 and i.
93
Suppose -3*f + 0*f + 495 = 3*w, -5*f = 4*w - 664. Calculate the highest common factor of 92 and w.
23
Let g(q) = -12*q - 4*q**2 + 31 - 8 - 6*q**2 + q**3. Let u be g(11). Suppose 2*f - 19 = -5*n, 5*n + 12 + 53 = 5*f. What is the highest common factor of u and f?
12
Let n(v) = v**2 - 10*v + 9. Let k be n(11). Suppose -3*h + 7*h + k = 0, h = -m + 125. Calculate the greatest common factor of 26 and m.
26
Suppose 5*z - 7*k = -10*k + 82, 2*k = -5*z + 83. Calculate the greatest common divisor of z and 1088.
17
Let f(w) = -2*w + 9. Let o be f(18). Let k = o - -63. Calculate the greatest common factor of k and 24.
12
Suppose 143*k - 35 = 136*k. Suppose -4*l + 16 + 44 = 0. Suppose -g = k*w - 48, w - l = -w + g. Calculate the highest common factor of w and 1.
1
Suppose 0 = 3*t - 7*t - 8. Let n be (-3)/t*(-340)/(-30). Calculate the greatest common factor of 136 and n.
17
Let w(r) = 2*r**2 + 40*r + 193. Let o be w(-6). Suppose -4*q + 3*q = -5. Calculate the greatest common factor of o and q.
5
Let k = -141 + 316. Calculate the highest common divisor of k and 7.
7
Suppose 14*k - 9*k - 590 = 2*v, -3*v + 590 = 5*k. Calculate the highest common divisor of k and 649.
59
Suppose 0*a - 7780 = -10*a. Suppose 2*w + 502 = 2*l, 0 = 3*l - 0*w + 2*w - a. Calculate the greatest common factor of l and 32.
32
Let q(w) be the third derivative of -w**4/8 - w**3/3 + 7*w**2. Let t be q(7). Let c be -2 - (6 - 4)*t. Calculate the greatest common divisor of c and 4.
4
Suppose 25*t - 1423 = 1877. Calculate the greatest common factor of 825 and t.
33
Let f(q) = -q**2 - 7*q + 7. Let r = -14 + 7. Let p be f(r). Suppose 0 = -m - 3*z + 11, 2*m - 11 = -2*z + p. What is the highest common divisor of m and 56?
8
Suppose 754 = 3*p + c, 9*p - 7*p = -3*c + 498. Calculate the highest common factor of p and 28.
28
Suppose -3*x + 115 = 4*l - 1054, -3*l + 5*x + 884 = 0. Let w = -191 + l. What is the greatest common factor of w and 34?
34
Let a = 1194 + -842. Calculate the highest common factor of 33 and a.
11
Let l(r) = 24*r**2 + 17*r - 19. Let q be l(1). Calculate the highest common divisor of q and 550.
22
Suppose 19 - 55 = -9*w. Calculate the greatest common factor of w and 30.
2
Suppose -4*y - 45 = -9. Let g be (-3 - y/(-3))/((-8)/4). Calculate the highest common divisor of 1 and g.
1
Let x = 59 - 50. Suppose -24 - 228 = -x*b. Calculate the greatest common factor of 42 and b.
14
Suppose 2*w - 51 = 3*c, 21*w + 4*c = 20*w + 42. What is the greatest common factor of 10 and w?
10
Let f be (-4)/(-28)*2 - 183/(-21). Suppose 3*c - 69 - 9 = -u, 2*u - 2*c = 140. Calculate the highest common factor of f and u.
9
Suppose -3*k + 40 = -5*o, -3*o - 12 = -4*k + 23. Let w(f) = f**2 + 4*f + 5. Let d be w(-9). Let p = d - 45. Calculate the greatest common factor of k and p.
5
Let k be (-2)/(11/13 + -1). Suppose n - 2 = 11. What is the greatest common factor of k and n?
13
Suppose -5*q + 134 = 2*u, 4*u - 46 = -3*q + 26. Suppose 13 = 2*m - a, -2*m = 5*a - 0*a + 17. Calculate the greatest common factor of m and q.
4
Let o(n) be the third derivative of -1/12*n**4 + 0*n - 5/6*n**3 - n**2 + 0. Let s be o(-6). What is the greatest common factor of s and 56?
7
Suppose 5*y = n - 129, -5*n + 4*y - 95 = -845. What is the greatest common factor of 66 and n?
22
Let v be (-4)/(-16) + 222/8. Let f(b) = -6*b + 110. Let c be f(17). What is the highest common divisor of c and v?
4
Suppose -2*i + 2*n + 8 = 0, 3*i + 4*n = -n + 28. Suppose 3 + 17 = 5*h. What is the greatest common factor of h and i?
2
Suppose -18*p = 51 - 501. Calculate the greatest common divisor of p and 45.
5
Let s be 235 - (3/2 - 13/26). What is the highest common factor of 26 and s?
26
Let j(t) = -7*t**2 - 66*t - 7. Let d be j(-9). Calculate the highest common factor of d and 260.
20
Let y = -16 - -36. Suppose -4*s = x + 3, 0*s + 5*x = 3*s - 15. Suppose s = 2*b - y - 6. What is the highest common divisor of b and 39?
13
Suppose -2*z - u - 145 = -5*z, 4*z - 198 = -u. What is the highest common factor of z and 1519?
49
Suppose -48 = -2*t + 5*t. Let o be t/(-12) + -2 + 8/3. Calculate the highest common divisor of 18 and o.
2
Let w = 1 + 67. Let m be (-346)/(-20) + 105/(-350). What is the highest common divisor of m and w?
17
Let i(g) = g**3 - 4*g**2 + 3*g - 5. Let o be i(4). Suppose -3*f = -2*p + o*p - 24, 4*f = -p + 32. Let c = f - 5. What is the greatest common divisor of c and 3?
3
Let n be (-3211)/(-171) + (-2)/(-9). What is the highest common divisor of 266 and n?
19
Let f(o) = -14*o**3 + 0 + 2 + o**2 + 4*o**3 + 3*o. Let j be f(-2). Let v = 112 - j. What is the highest common divisor of v and 4?
4
Let j(g) be the second derivative of 2*g**3/3 - 3*g. Let l be j(2). Let y = -54 + 66. What is the greatest common factor of y and l?
4
Let f = -84 - -18. Let r = 126 + f. What is the highest common divisor of r and 15?
15
Let y = -649 - -693. Calculate the highest common divisor of y and 32.
4
Let l = 26 + -1. Calculate the highest common divisor of l and 45.
5
Let i(j) = j**2 + 17*j + 19. Let o be i(-16). Suppose 3*x - 3 = 0, 0*x + 113 = o*q + 5*x. Calculate the greatest common factor of q and 324.
36
Suppose -2*l - 132 = -2*z, -5*l - 68 = -z - 3*l. Let m = 17 - z. Let j = 72 + m. Calculate the highest common divisor of 275 and j.
25
Let l = 13 + -6. Let g(b) = -b + 8. Let u be g(10). Let o be u/(-1) - 244/(-4). What is the highest common factor of o and l?
7
Let j = -1555 - -1603. Calculate the highest common factor of 732 and j.
12
Let u(h) = -h + 15. Let l be u(-3). Calculate the greatest common divisor of 18 and l.
18
Let s = 154 + 119. Let w be 420/26 - 42/s. What is the highest common divisor of w and 4?
4
Let y be -4 - (-403)/3*3. What is the highest common factor of y and 84?
21
Suppose 0*u - u + 3*i + 14 = 0, -5*i = -u + 8. Let y = -364 + 617. What is the highest common factor of u and y?
23
Let g be 4/8*(14 - 4). Suppose -73 = -g*s - 2*j, -2*s + 2*j + 5 = -s. What is the greatest common divisor of s and 26?
13
Suppose 5*w = 434 - 154. Suppose -16 = 4*j, -27 = -5*k + 2*j + j. Suppose k*b + 0*b = -4*f + 29, 9 = f - b. What is the greatest common divisor of f and w?
8
Let h be (-25)/(-30) + ((-153400)/48)/(-5). Calculate the greatest common divisor of 80 and h.
80
Suppose 15*a - 113 = 22. What is the highest common divisor of a and 1017?
9
Let a(g) = g**2 + 4*g - 10. Let o(w) = w + 6. Let p be o(-5). Suppose -u - 5 = p. Let t be a(u). Calculate the highest common factor of t and 8.
2
Let s = 0 + 114. Let u = s - 106. Suppose 360 = 6*c - c. Calculate the highest common factor of c and u.
8
Let w be (-53)/(-2) - 2/4. Suppose 5*h - 54 = w. What is the greatest common divisor of h and 12?
4
Let o(t) be the first derivative of 4*t**3/3 + t**2/2 - t + 1. Let h be o(1). Suppose -h*q = -q - 9. Calculate the highest common factor of q and 30.
3
Suppose -16*d - 8*d = -20592. Calculate the greatest common divisor of d and 78.
78
Let k = 4 + 5. Suppose -5*j + 36 = -k. Let b = 102 + -3. Calculate the highest common divisor of b and j.
9
Suppose 0 = c - 2*k + 16, -5*k = 4*c - 0*k + 90. Let n be 8/c - 968/(-20). Suppose n = 5*r - 252. What is the highest common divisor of r and 12?
12
Let h(v) = v**2 + 7*v + 1. Let y be h(-7). Let t be 13 + (3 + 